{"id":114,"date":"2025-08-07T02:57:43","date_gmt":"2025-08-07T02:57:43","guid":{"rendered":"https:\/\/klvholdings.com\/?page_id=114"},"modified":"2025-08-07T03:15:49","modified_gmt":"2025-08-07T03:15:49","slug":"servicios-shelter-para-empresas-internacionales","status":"publish","type":"page","link":"https:\/\/klvholdings.com\/index.php\/servicios-shelter-para-empresas-internacionales\/","title":{"rendered":"Servicios Shelter para Empresas Internacionales"},"content":{"rendered":"\t\t<div data-elementor-type=\"wp-page\" data-elementor-id=\"114\" class=\"elementor elementor-114\" data-elementor-post-type=\"page\">\n\t\t\t\t<div class=\"elementor-element elementor-element-eaf6977 e-flex e-con-boxed e-con e-parent\" data-id=\"eaf6977\" data-element_type=\"container\">\n\t\t\t\t\t<div class=\"e-con-inner\">\n\t\t<div class=\"elementor-element elementor-element-7cdc4d7 e-con-full e-flex e-con e-child\" data-id=\"7cdc4d7\" data-element_type=\"container\">\n\t\t\t\t<div class=\"elementor-element elementor-element-67349a0 elementor-widget elementor-widget-image\" data-id=\"67349a0\" data-element_type=\"widget\" data-widget_type=\"image.default\">\n\t\t\t\t\t\t\t\t\t\t\t\t\t\t\t<img fetchpriority=\"high\" decoding=\"async\" width=\"800\" height=\"534\" src=\"https:\/\/klvholdings.com\/wp-content\/uploads\/2025\/08\/pexels-tiger-lily-7109292-1024x683.jpg\" class=\"attachment-large size-large wp-image-116\" alt=\"\" srcset=\"https:\/\/klvholdings.com\/wp-content\/uploads\/2025\/08\/pexels-tiger-lily-7109292-1024x683.jpg 1024w, https:\/\/klvholdings.com\/wp-content\/uploads\/2025\/08\/pexels-tiger-lily-7109292-300x200.jpg 300w, https:\/\/klvholdings.com\/wp-content\/uploads\/2025\/08\/pexels-tiger-lily-7109292-768x512.jpg 768w, https:\/\/klvholdings.com\/wp-content\/uploads\/2025\/08\/pexels-tiger-lily-7109292-1536x1024.jpg 1536w, https:\/\/klvholdings.com\/wp-content\/uploads\/2025\/08\/pexels-tiger-lily-7109292-2048x1365.jpg 2048w\" sizes=\"(max-width: 800px) 100vw, 800px\" \/>\t\t\t\t\t\t\t\t\t\t\t\t\t\t\t<\/div>\n\t\t\t\t<\/div>\n\t\t<div class=\"elementor-element elementor-element-d0dbf5c e-con-full e-flex e-con e-child\" data-id=\"d0dbf5c\" data-element_type=\"container\">\n\t\t\t\t<div class=\"elementor-element elementor-element-75f0bb4 elementor-widget elementor-widget-heading\" data-id=\"75f0bb4\" data-element_type=\"widget\" data-widget_type=\"heading.default\">\n\t\t\t\t\t<h2 class=\"elementor-heading-title elementor-size-default\">Facilitar la instalaci\u00f3n y operaci\u00f3n de empresas extranjeras en tu mercado objetivo (ej. M\u00e9xico o Latinoam\u00e9rica), reduciendo riesgos y costos administrativos.<\/h2>\t\t\t\t<\/div>\n\t\t\t\t<\/div>\n\t\t\t\t\t<\/div>\n\t\t\t\t<\/div>\n\t\t<div class=\"elementor-element elementor-element-18187bd e-flex e-con-boxed e-con e-parent\" data-id=\"18187bd\" data-element_type=\"container\">\n\t\t\t\t\t<div class=\"e-con-inner\">\n\t\t<div class=\"elementor-element elementor-element-499651c e-con-full e-flex e-con e-child\" data-id=\"499651c\" data-element_type=\"container\">\n\t\t\t\t<div class=\"elementor-element elementor-element-34cee27 elementor-widget elementor-widget-text-editor\" data-id=\"34cee27\" data-element_type=\"widget\" data-widget_type=\"text-editor.default\">\n\t\t\t\t\t\t\t\t\t<p>Incluye:<br \/>\u2705 Gesti\u00f3n legal y fiscal:<\/p><p>Tr\u00e1mites de permisos, estructuraci\u00f3n fiscal optimizada (ej. facturaci\u00f3n sin IVA para exportaciones) 6.<\/p><p>Cumplimiento de normas locales (medio ambiente, seguridad laboral) 3.<\/p><p>\u2705 Administraci\u00f3n integral:<\/p><p>Recursos humanos (contrataci\u00f3n, n\u00f3mina, relaciones sindicales) 6.<\/p><p>Log\u00edstica y comercio exterior (importaci\u00f3n\/exportaci\u00f3n, aduanas) 3.<\/p><p>\u2705 Infraestructura lista:<\/p><p>Naves industriales equipadas o terrenos en parques industriales estrat\u00e9gicos 6.<\/p><p>Tiempo de implementaci\u00f3n: 45-60 d\u00edas desde la firma 6.<\/p>\t\t\t\t\t\t\t\t<\/div>\n\t\t\t\t<\/div>\n\t\t<div class=\"elementor-element elementor-element-2b77cf2 e-con-full e-flex e-con e-child\" data-id=\"2b77cf2\" data-element_type=\"container\">\n\t\t<div class=\"elementor-element elementor-element-3aa87aa e-con-full e-flex e-con e-child\" data-id=\"3aa87aa\" data-element_type=\"container\">\n\t\t<div class=\"elementor-element elementor-element-d9df19e e-con-full e-flex e-con e-child\" data-id=\"d9df19e\" data-element_type=\"container\">\n\t\t\t\t<div class=\"elementor-element elementor-element-272a634 elementor-widget elementor-widget-image\" data-id=\"272a634\" data-element_type=\"widget\" data-widget_type=\"image.default\">\n\t\t\t\t\t\t\t\t\t\t\t\t\t\t\t<img decoding=\"async\" width=\"800\" height=\"534\" src=\"https:\/\/klvholdings.com\/wp-content\/uploads\/2025\/08\/pexels-tiger-lily-7108452-1024x683.jpg\" class=\"attachment-large size-large wp-image-118\" alt=\"\" srcset=\"https:\/\/klvholdings.com\/wp-content\/uploads\/2025\/08\/pexels-tiger-lily-7108452-1024x683.jpg 1024w, https:\/\/klvholdings.com\/wp-content\/uploads\/2025\/08\/pexels-tiger-lily-7108452-300x200.jpg 300w, https:\/\/klvholdings.com\/wp-content\/uploads\/2025\/08\/pexels-tiger-lily-7108452-768x512.jpg 768w, https:\/\/klvholdings.com\/wp-content\/uploads\/2025\/08\/pexels-tiger-lily-7108452-1536x1024.jpg 1536w, https:\/\/klvholdings.com\/wp-content\/uploads\/2025\/08\/pexels-tiger-lily-7108452-2048x1365.jpg 2048w\" sizes=\"(max-width: 800px) 100vw, 800px\" \/>\t\t\t\t\t\t\t\t\t\t\t\t\t\t\t<\/div>\n\t\t\t\t<div class=\"elementor-element elementor-element-8aaf72a elementor-widget-divider--view-line elementor-widget elementor-widget-divider\" data-id=\"8aaf72a\" data-element_type=\"widget\" data-widget_type=\"divider.default\">\n\t\t\t\t\t\t\t<div class=\"elementor-divider\">\n\t\t\t<span class=\"elementor-divider-separator\">\n\t\t\t\t\t\t<\/span>\n\t\t<\/div>\n\t\t\t\t\t\t<\/div>\n\t\t\t\t<div class=\"elementor-element elementor-element-6f7b396 elementor-button-info elementor-align-right elementor-widget__width-initial elementor-widget elementor-widget-button\" data-id=\"6f7b396\" data-element_type=\"widget\" data-widget_type=\"button.default\">\n\t\t\t\t\t\t\t\t\t\t<a class=\"elementor-button elementor-button-link elementor-size-sm\" href=\"#\">\n\t\t\t\t\t\t<span class=\"elementor-button-content-wrapper\">\n\t\t\t\t\t\t\t\t\t<span class=\"elementor-button-text\">Cont\u00e1ctanos<\/span>\n\t\t\t\t\t<\/span>\n\t\t\t\t\t<\/a>\n\t\t\t\t\t\t\t\t<\/div>\n\t\t\t\t<\/div>\n\t\t\t\t<\/div>\n\t\t\t\t<\/div>\n\t\t\t\t\t<\/div>\n\t\t\t\t<\/div>\n\t\t\t\t<\/div>\n\t\t","protected":false},"excerpt":{"rendered":"<p>Facilitar la instalaci\u00f3n y operaci\u00f3n de empresas extranjeras en tu mercado objetivo (ej. M\u00e9xico o Latinoam\u00e9rica), reduciendo riesgos y costos administrativos. Incluye:\u2705 Gesti\u00f3n legal y fiscal: Tr\u00e1mites de permisos, estructuraci\u00f3n fiscal optimizada (ej. facturaci\u00f3n sin IVA para exportaciones) 6. Cumplimiento de normas locales (medio ambiente, seguridad laboral) 3. \u2705 Administraci\u00f3n integral: Recursos humanos (contrataci\u00f3n, n\u00f3mina, [&hellip;]<\/p>\n","protected":false},"author":1,"featured_media":0,"parent":0,"menu_order":0,"comment_status":"closed","ping_status":"closed","template":"","meta":{"footnotes":""},"class_list":["post-114","page","type-page","status-publish","hentry"],"_links":{"self":[{"href":"https:\/\/klvholdings.com\/index.php\/wp-json\/wp\/v2\/pages\/114","targetHints":{"allow":["GET"]}}],"collection":[{"href":"https:\/\/klvholdings.com\/index.php\/wp-json\/wp\/v2\/pages"}],"about":[{"href":"https:\/\/klvholdings.com\/index.php\/wp-json\/wp\/v2\/types\/page"}],"author":[{"embeddable":true,"href":"https:\/\/klvholdings.com\/index.php\/wp-json\/wp\/v2\/users\/1"}],"replies":[{"embeddable":true,"href":"https:\/\/klvholdings.com\/index.php\/wp-json\/wp\/v2\/comments?post=114"}],"version-history":[{"count":4,"href":"https:\/\/klvholdings.com\/index.php\/wp-json\/wp\/v2\/pages\/114\/revisions"}],"predecessor-version":[{"id":122,"href":"https:\/\/klvholdings.com\/index.php\/wp-json\/wp\/v2\/pages\/114\/revisions\/122"}],"wp:attachment":[{"href":"https:\/\/klvholdings.com\/index.php\/wp-json\/wp\/v2\/media?parent=114"}],"curies":[{"name":"wp","href":"https:\/\/api.w.org\/{rel}","templated":true}]}}